isor of 250 and 20?
10
Calculate the highest common factor of 329 and 94.
47
Calculate the highest common divisor of 576 and 27.
9
What is the greatest common divisor of 338 and 988?
26
What is the greatest common divisor of 32 and 3368?
8
Calculate the greatest common factor of 93 and 12.
3
Calculate the greatest common factor of 327 and 3.
3
Calculate the greatest common divisor of 4356 and 36.
36
Calculate the greatest common factor of 320 and 835.
5
Calculate the highest common divisor of 4912 and 32.
16
What is the greatest common divisor of 23 and 644?
23
What is the highest common divisor of 888 and 24?
24
What is the highest common divisor of 504 and 175?
7
What is the greatest common divisor of 9 and 717?
3
Calculate the highest common factor of 3247 and 382.
191
Calculate the greatest common factor of 75 and 3.
3
Calculate the greatest common factor of 418 and 266.
38
What is the greatest common divisor of 70 and 2590?
70
Calculate the highest common divisor of 42 and 3066.
42
Calculate the highest common divisor of 481 and 403.
13
What is the highest common factor of 440 and 3240?
40
Calculate the highest common divisor of 315 and 102.
3
What is the highest common divisor of 12 and 7554?
6
Calculate the highest common factor of 31 and 961.
31
What is the highest common divisor of 174 and 6?
6
What is the greatest common divisor of 69 and 759?
69
Calculate the greatest common divisor of 1419 and 645.
129
What is the highest common divisor of 112 and 44464?
112
Calculate the greatest common factor of 98 and 49.
49
Calculate the greatest common factor of 1224 and 144.
72
What is the greatest common divisor of 7565 and 170?
85
What is the highest common divisor of 328 and 410?
82
Calculate the greatest common factor of 162 and 138.
6
Calculate the highest common divisor of 3726 and 324.
162
What is the highest common divisor of 2263 and 657?
73
What is the highest common factor of 16 and 1304?
8
Calculate the greatest common factor of 12 and 28.
4
Calculate the greatest common factor of 4210 and 80.
10
Calculate the highest common factor of 96 and 608.
32
What is the highest common factor of 600 and 210?
30
What is the highest common divisor of 10865 and 205?
205
Calculate the greatest common factor of 2784 and 1296.
48
Calculate the greatest common factor of 2 and 2.
2
What is the greatest common factor of 4634 and 14?
14
What is the greatest common divisor of 9129 and 51?
51
Calculate the greatest common factor of 96 and 224.
32
Calculate the greatest common factor of 434 and 14.
14
Calculate the highest common factor of 80 and 2704.
16
Calculate the greatest common factor of 9 and 1521.
9
What is the greatest common divisor of 65610 and 18?
18
Calculate the highest common divisor of 114 and 1862.
38
Calculate the greatest common factor of 264 and 312.
24
What is the greatest common factor of 2093 and 49?
7
What is the highest common factor of 189 and 84?
21
Calculate the highest common divisor of 20 and 4860.
20
Calculate the greatest common factor of 130 and 9295.
65
What is the greatest common divisor of 252 and 154?
14
What is the highest common divisor of 6 and 26346?
6
Calculate the greatest common factor of 1148 and 21.
7
Calculate the highest common divisor of 189 and 42.
21
What is the greatest common factor of 15 and 5295?
15
Calculate the highest common factor of 20 and 1385.
5
What is the greatest common factor of 35 and 560?
35
Calculate the highest common factor of 28 and 21.
7
Calculate the greatest common divisor of 63 and 36.
9
Calculate the greatest common factor of 9345 and 1602.
267
Calculate the highest common divisor of 37 and 703.
37
Calculate the greatest common divisor of 3429 and 54.
27
What is the greatest common divisor of 682 and 496?
62
Calculate the greatest common factor of 105 and 1722.
21
Calculate the greatest common divisor of 138 and 12.
6
Calculate the highest common divisor of 189 and 1008.
63
What is the greatest common divisor of 15260 and 105?
35
Calculate the greatest common divisor of 24 and 2748.
12
Calculate the greatest common divisor of 7 and 56.
7
What is the greatest common factor of 374 and 119?
17
Calculate the greatest common factor of 32 and 848.
16
What is the highest common factor of 158 and 17301?
79
What is the highest common factor of 1408 and 448?
64
Calculate the highest common factor of 884 and 156.
52
What is the highest common factor of 13 and 91?
13
Calculate the greatest common divisor of 340 and 50.
10
Calculate the greatest common factor of 2806 and 122.
122
Calculate the highest common divisor of 129 and 4257.
129
What is the highest common factor of 1435 and 4592?
287
What is the greatest common divisor of 3942 and 146?
146
What is the highest common divisor of 42 and 18?
6
Calculate the highest common divisor of 100 and 75.
25
Calculate the highest common factor of 99 and 1521.
9
What is the greatest common divisor of 996 and 13280?
332
What is the greatest common divisor of 180 and 20?
20
What is the highest common divisor of 901 and 323?
17
Calculate the highest common divisor of 3 and 183.
3
Calculate the greatest common divisor of 44 and 44.
44
Calculate the highest common factor of 31730 and 76.
38
What is the greatest common divisor of 238 and 544?
34
Calculate the greatest common divisor of 135 and 18.
9
What is the highest common divisor of 125 and 5?
5
What is the greatest common divisor of 459 and 729?
27
Calculate the greatest common factor of 7565 and 170.
85
What is the highest common divisor of 711 and 684?
9
What is the greatest common divisor of 2365 and 15?
5
What is the highest common factor of 1649 and 17?
17
Calculate the greatest common divisor of 36 and 92.
4
Calculate the highest common divisor of 7 and 3815.
7
Calculate the highest common factor of 10 and 35.
5
Calculate the highest common divisor of 20 and 1290.
10
What is the highest common factor of 144 and 27?
9
Calculate the greatest common factor of 52 and 182.
26
What is the highest common divisor of 777 and 63?
21
What is the greatest common divisor of 34740 and 180?
180
What is the greatest common factor of 4012 and 118?
118
What is the greatest common factor of 87 and 4698?
87
What is the greatest common divisor of 1970 and 1379?
197
What is the highest common factor of 4062 and 48?
6
Calculate the greatest common divisor of 105 and 1715.
35
What is the highest common factor of 9 and 5868?
9
What is the greatest common factor of 992 and 62?
62
Calculate the highest common factor of 2175 and 174.
87
What is the greatest common factor of 1269 and 81?
27
Calculate the highest common divisor of 12 and 2451.
3
Calculate the highest common divisor of 1035 and 30.
15
Calculate the greatest common divisor of 77 and 1841.
7
What is the greatest common factor of 511 and 73?
73
Calculate the greatest common divisor of 606 and 102.
6
What is the greatest common divisor of 35 and 245?
35
Calculate the highest common divisor of 413 and 56.
7
What is the greatest common divisor of 10956 and 132?
132
Calculate the greatest common divisor of 1147 and 31.
31
Calculate the highest common divisor of 498 and 1328.
166
Calculate the greatest common divisor of 6 and 177.
3
What is the highest common divisor of 228 and 84?
12
Calculate the greatest common factor of 44 and 40656.
44
What is the greatest common factor of 775 and 248?
31
What is the greatest common divisor of 420 and 570?
30
What is the greatest common divisor of 112 and 7?
7
What is the greatest common factor of 1458 and 54?
54
What is the greatest common divisor of 780 and 6?
6
What is the greatest common divisor of 356 and 52?
4
Calculate the highest common factor of 109 and 2616.
109
What is the highest common divisor of 8236 and 116?
116
What is the highest common factor of 44 and 1254?
22
Calculate the highest common divisor of 24141 and 39.
39
What is the greatest common divisor of 4 and 772?
4
What is the highest common divisor of 679 and 4171?
97
Calculate the highest common factor of 112 and 98.
14
What is the highest common factor of 292 and 7081?
73
Calculate the highest common factor of 3215 and 5.
5
Calculate the highest common divisor of 10 and 3.
1
What is the highest common divisor of 65 and 17095?
65
Calculate the grea